 11, what is 0 - 1aa9a18a?
-1aa9a18a
In base 2, what is -11111010110 - 11001111101011101?
-11010011100110011
In base 2, what is -1000101101001 - -1011010101110?
10101000101
In base 5, what is -1342304403444 - 10?
-1342304404004
In base 14, what is 89562 - 1a?
89546
In base 4, what is -121 + -20022122?
-20022303
In base 3, what is -2 + 12020201120122?
12020201120120
In base 10, what is 99583 - 45?
99538
In base 13, what is 88728 - a6?
88652
In base 12, what is -52 - 541571?
-541603
In base 7, what is -24 - 22426550?
-22426604
In base 8, what is 561141 + -232?
560707
In base 3, what is -12020011 + 201102?
-11111202
In base 6, what is 431404 - 53403?
334001
In base 5, what is -342242 - 21304?
-414101
In base 8, what is -5 - -65755140?
65755133
In base 13, what is 5 + -2005b373?
-2005b36b
In base 15, what is 4123e2 - -1?
4123e3
In base 13, what is ba8234 + -9?
ba8228
In base 3, what is 22102221 - 200222101?
-101112110
In base 5, what is 1044304 - -3131214?
4231023
In base 7, what is -3654142603 + 2?
-3654142601
In base 9, what is 5 + 65730032?
65730037
In base 12, what is 13978241 + 5?
13978246
In base 11, what is -2 + -1711a29a?
-1711a2a1
In base 7, what is 2 - 225444102?
-225444100
In base 6, what is -2 + -23311000434?
-23311000440
In base 3, what is -200112202120102 - 1112?
-200112202121221
In base 6, what is -2041 - 1504251?
-1510332
In base 3, what is 1010 - 10202200100010022?
-10202200100002012
In base 11, what is 50a88683 + 3?
50a88686
In base 12, what is -a94b931 + 5?
-a94b928
In base 15, what is 216d9 + 2e0?
219c9
In base 16, what is -44f - -27a?
-1d5
In base 13, what is c5378 + b?
c5386
In base 13, what is -1a6 + -4260?
-4436
In base 7, what is -125146316 + 46?
-125146240
In base 15, what is -7cec + -284?
-8081
In base 3, what is -2100021201202 - -12?
-2100021201120
In base 3, what is -1101101211120 - -101111?
-1101101110002
In base 11, what is -111aa61 - -10?
-111aa51
In base 7, what is 205616 + -20536?
155050
In base 14, what is -37 - b48471?
-b484a8
In base 4, what is 202202232313022 + 2?
202202232313030
In base 5, what is 3043011113 - -10?
3043011123
In base 4, what is 132210111 + 20331?
132231102
In base 13, what is 157a3c267 - 2?
157a3c265
In base 12, what is -10b08 - a00?
-11908
In base 11, what is -19a + -80121?
-80310
In base 5, what is 2411 + -1034033?
-1031122
In base 10, what is 41 - 3795773?
-3795732
In base 8, what is -150652117 + 14?
-150652103
In base 15, what is 5 - 479565?
-479560
In base 4, what is -13020 + -10233012020?
-10233031100
In base 16, what is -c9371 - -48?
-c9329
In base 5, what is -4 + -22240323141?
-22240323200
In base 6, what is 5 - -1031032332?
1031032341
In base 4, what is 10001332312210 + 11?
10001332312221
In base 11, what is -1357 - 30aa60?
-311307
In base 13, what is -140a9b4 - -2?
-140a9b2
In base 4, what is -1120 + 232002111?
232000331
In base 10, what is 6 + 2824349?
2824355
In base 5, what is -2433114 + -121332?
-3110001
In base 5, what is 23001340411 + -2?
23001340404
In base 14, what is 2 - -1ad4a93?
1ad4a95
In base 13, what is 42ca - -1394?
5691
In base 7, what is 32241240225 - -5?
32241240233
In base 13, what is -144 - ba4483?
-ba45c7
In base 5, what is 2100 - 1022023?
-1014423
In base 14, what is -d1c6 + 144?
-d082
In base 14, what is 0 + 26034d0?
26034d0
In base 9, what is 22 + -32232?
-32210
In base 11, what is -12580134 - -9?
-12580126
In base 5, what is -413 - 3022224?
-3023142
In base 9, what is -3260851 - 133?
-3261084
In base 3, what is -201200220201211 + 1?
-201200220201210
In base 3, what is 1022111121 - -22112?
1022211010
In base 10, what is 3 + -11256244?
-11256241
In base 3, what is 0 + 121210211100011?
121210211100011
In base 11, what is -117 + 2886641?
2886525
In base 2, what is -10 + -1101111000100011101110011?
-1101111000100011101110101
In base 15, what is 21 + 19894db?
198950c
In base 14, what is 5602b5 - -8?
5602bd
In base 9, what is 368 - -834131?
834510
In base 4, what is 12 + -20023113232?
-20023113220
In base 14, what is -1db1d1 + -14?
-1db205
In base 10, what is 71 - 390105?
-390034
In base 10, what is 20 + 14996616?
14996636
In base 3, what is 102202101 - -212211?
110122012
In base 15, what is -11 - 84885?
-84896
In base 7, what is -5 + 200514210?
200514202
In base 6, what is -5023202250 - 33?
-5023202323
In base 16, what is d46 + 341d9?
34f1f
In base 13, what is -7a79aa9 + 0?
-7a79aa9
In base 14, what is -78813 - -398?
-78459
In base 11, what is 391890a - 26?
3918894
In base 9, what is 5742060 - 2?
5742057
In base 16, what is 47a + 2da?
754
In base 14, what is -1b633d0 + 15?
-1b633b9
In base 13, what is -901 + -5b18?
-6719
In base 12, what is 2209 - 60b53?
-5a946
In base 5, what is -1044110004 + -23?
-1044110032
In base 9, what is -25573 - -14105?
-11467
In base 6, what is -10 + -234012102?
-234012112
In base 11, what is -4a9a98 - -169?
-4a992a
In base 8, what is -125 - -1045152?
1045025
In base 6, what is 12502311 - -5?
12502320
In base 14, what is 26 + 50649?
50671
In base 5, what is -21 - 14121043?
-14121114
In base 13, what is 7 + -740120?
-740116
In base 9, what is 885885 - 144?
885741
In base 4, what is 22313233202 + 113?
22313233321
In base 6, what is 10534115045 - -5?
10534115054
In base 5, what is 401 - 312300?
-311344
In base 9, what is 86365386 - 11?
86365375
In base 16, what is -4297 - -13ff8?
fd61
In base 7, what is -36 - 4455136?
-4455205
In base 11, what is -4a9 - -20940?
20442
In base 16, what is bade15c + -7?
bade155
In base 7, what is 313054 - -1106?
314163
In base 15, what is -9ac - 20c45?
-21702
In base 15, what is 216416 + -18?
2163ed
In base 4, what is -2103312132 + 103032?
-2103203100
In base 3, what is 11002020112002 + -12120?
11002020022112
In base 16, what is -16af5 - 20b9?
-18bae
In base 15, what is 85 + 4134?
41b9
In base 11, what is -12 + 3176aa0?
3176a89
In base 16, what is -6 - 92772d?
-927733
In base 8, what is -163776 + -66?
-164064
In base 2, what is -10101101100110111 + 10010000010000?
-10011011100100111
In base 13, what is 120 - 26b05?
-269b5
In base 6, what is -11 - 35001452?
-35001503
In base 8, what is 4 - -663770733?
663770737
In base 12, what is 43019b + 59?
430238
In base 9, what is 2511836 - -61?
2512007
In base 16, what is 16182d + 1?
16182e
In base 3, what is -10 + 112021202222022?
112021202222012
In base 6, what is 1201245 + -122311?
1034534
In base 15, what is -db - 3c8?
-4b4
In base 9, what is -202452063 - 3?
-202452066
In base 3, what is -11021211202022001 + 21?
-11021211202021210
In base 7, what is 2 - 26042241?
-26042236
In base 13, what is 30 + a6786?
a67b6
In base 3, what is -210220 + -10000010202?
-10000221122
In base 2, what is -111111100101000000101100 + 0?
-111111100101000000101100
In base 13, what is 1779 + -bb54?
-a3a8
In base 9, what is -13632423 - -13?
-13632410
In base 8, what is 5 + 570063240?
570063245
In base 13, what is -47 + 64c8c?
64c45
In base 9, what is 3 - 43064442?
-43064438
In base 10, what is -13782985 + 3?
-13782982
In base 7, what is 4 - 21014121?
-21014114
In base 8, what is 107 + 264114?
264223
In base 9, what is 16 - -56420634?
56420651
In base 3, what is 10111000012 - -121221?
10111122010
In base 4, what is -3 - 2313330013320?
-2313330013323
In base 9, what is -1684750 + 67?
-1684672
In base 9, what is -27 - 412055?
-412083
In base 11, what is -37128 - -793?
-36445
In base 4, what is 10332210130301 - -22?
10332210130323
In base 13, what is -1789cc4 - 1?
-1789cc5
In base 6, what is 321403 + 13?
321420
In base 3, what is 2220222 + 110000110222?
110010101221
In base 7, what is -1645325 + 430?
-1644565
In base 9, what is 4 + -17481477?
-17481473
In base 15, what is 7a - 577d19?
-577c8e
In base 16, what is -13d + a4b4?
a377
In base 13, what is -536446 + 618?
-535b2b
In base 3, what is -102200011000012212 - 2?
-102200011000012221
In base 7, what is -6604 + 1021341?
1011434
In base 14, what is 4 + 541217?
54121b
In base 5, what is 134211132 - -303?
134211440
In base 13, what is 16399935 - -5?
1639993a
In base 8, what is -2 + -365715260?
-365715262
In base 16, what is -1ead017 - 4?
-1ead01b
In base 5, what is -3 + 1111220340243?
1111220340240
In base 9, what is 154567 + 1483?
156161
In base 5, what is -21 - -2032011?
2031440
In base 16, what is 19 - 176ffa?
-176fe1
In base 10, what is 35951